-21) + (-9 - (12 - 64))?
60
What is the value of 9 - 15 - -10 - (-7 + 9 + 19)?
-17
What is the value of (1 - 23) + (38 - 22 - -11)?
5
-70 - (11 + 50 + -120)
-11
0 + 10 + 5 + 44 + (52 - 68)
43
Calculate -35 - (4 - 8) - ((-65 - -52) + 4).
-22
What is -2 - -30 - (39 - 62 - -43)?
8
102 + -35 - 54 - (7 - (-5 + 8) - -78)
-69
Evaluate 44 - (-1 + 16 + -692 + 691).
30
What is the value of 2 - (-35 - -2) - (6 + 61 + -79)?
47
What is (-289 - (-26 - 101)) + 121?
-41
Calculate 53 + -48 + -29 - (-2 - ((-4 - -15) + 0)).
-11
What is the value of (239 - 211) + 17 + -3?
42
-118 + -67 + 64 + 57
-64
Evaluate (2 - 5) + 3 - (9 + -16) - 13 - 11.
-17
What is the value of (37344 - 37369) + (0 - -68)?
43
-22 + (5 - -38) + 1 - 46
-24
What is the value of (-2 - -25) + 6 + 8 - (-2 + -8)?
47
What is the value of -3 - (-29 + 17 + 36 + -2 + -11)?
-14
(19 - (0 + 9)) + -29 - (2 + 1)
-22
(64 - (17 - -2)) + -82 + 43
6
What is (-3 - -1) + (21 - (-39 + 16 - (9 - 8)))?
43
What is 5 + (-16 + 21 - 1) - (-3 - 1)?
13
Calculate (-1 + (0 - -3) - -36) + 11098 + -11083.
53
Evaluate -34 + (12 + -17 - (0 + -1)) + (-1 - 4).
-43
Evaluate (-4 + 2 - -14) + (24 - (8 + 14)).
14
What is -13 + (-25 - (-21 - -16 - 51))?
18
What is the value of (1 - -19) + 61 + -67 + -14?
0
Evaluate (-1 - (11 + -20 - 18)) + 6.
32
Calculate (-28 - -11) + (-95 - -140).
28
Evaluate 17 + -14 + ((-5 - -4) + -24 - -7).
-15
Calculate -81 - (-46 - (42 - 50)).
-43
What is 256 + -206 - (-43 - -119)?
-26
-100 - (-40 + -54 - 21)
15
What is the value of -22 + (1 - 1) - (1812 + -1789)?
-45
What is the value of (-7 + 7 - (-22 - -7 - -14)) + -23?
-22
12 + -2 - ((0 - 39) + (-515 - -540))
24
What is the value of (59 - (61 - -68 - 49)) + (1 - 85)?
-105
What is -454 + 86 + 439 + 0 + 0 + -4?
67
Calculate -94 - (2 - 6 - -2) - (-521 + 512).
-83
(20 - (93 + -80)) + (5 - 37)
-25
Calculate -99 + -1 + (4 - -20 - 18) + 4.
-90
What is 78 + -124 + -5 + 38 - (5 + 1)?
-19
Calculate (-3 + 2 - 12) + 7 + (-20 - -1).
-25
Calculate -22 + 16 + (73 - 74).
-7
Evaluate 4 + (-70 - (2 + -3 - 1)) + (-1133 - -1134).
-63
Evaluate (-7 - (19 + -24)) + 33 + -1 + 3 + 5.
38
Evaluate 7 - (17 - (-2 + (19 - 2)) - 17).
22
What is the value of 6 - (-46 + -25 + 43 - -59)?
-25
What is (49 - 85) + 31 + 3?
-2
What is the value of 47 - (-17 + (27 - -11))?
26
Calculate -749 - -808 - (0 - -73).
-14
What is the value of -33 - (-14 - (14 + -9 + -23))?
-37
What is the value of -80 + (-48 + -3 - -41)?
-90
-3 + (-3 + 1 - (-21 + 32 + (-12 - 6)))
2
What is the value of -18 + (26 + -19 - 18) - -35?
6
-40 + -27 + 63 + 4
0
Calculate (-4 - (32 + -65)) + -1 + -4 + 1 + 2.
27
Evaluate (-3 - -13) + -17 + (10 - -53) + 9 + 1.
66
What is the value of (-16 + 5 + -4 - (-33 + 23)) + -19?
-24
Calculate (-173 - -186) + (4 - 12) + (0 - -28).
33
What is (235 - 171) + -112 + (-7 - 0) + 0 - 3?
-58
Calculate -23 + (-152 - -170 - (1 + 20)).
-26
What is the value of -62 - ((-16 - 3 - -19) + -18 - 1)?
-43
What is -19 - (2 + -9 - (93 - 98))?
-17
(-123 - -3) + (-1 - -2) + -3
-122
What is -24 - (92 - (10 - (-5 + -4)))?
-97
2 - 2 - -12 - (-10445 + 10391)
66
What is the value of 102 + -21 + -13 + 51 + -38?
81
Evaluate 1736 + -1828 + 58 + 1.
-33
What is (-1 - 120 - -45) + 3 + -3?
-76
What is -5 + (-10 + (19 - 11) - 3) - 3 - 64?
-77
Evaluate 60 - (38 + 52 + -78).
48
Evaluate 23 - (1 + -34 + 5 + (14 - -1)).
36
What is -372 - -370 - (-151 - (1 - -1))?
151
What is -1 + 3 + -7 + -6 - -24?
13
What is 166 + -1 - (9126 - 9071)?
110
What is -45 + 13 - ((-19 + 10 - 5) + 2)?
-20
Calculate -780 + 776 - (2 + (-3 - 2) - (45 + 1)).
45
Evaluate (15 - (3 + 12 + 17)) + 16 + (-6 - -2).
-5
What is (0 - -26) + (393 - 379)?
40
What is the value of -16 - 17 - ((-3 - 5) + -3 - (-3 + -5))?
-30
-35 - (-5 + -6 + -1 + (85 - 67))
-41
What is ((6 - -20) + -11 - (1 - -76)) + (-13 - -2)?
-73
-150 - 42 - -79 - -89
-24
Evaluate 4670 - 4679 - (1 + 109 - (-3 + 6)).
-116
4 + -1 + -50 + -22 + 11
-58
What is (108 - 5) + (-52 - -56) + 7 + 3?
117
29 - (29 + -1) - 8 - (4 - 50)
39
Evaluate -9 + 22 + 18 - (11 - 16).
36
What is 20 - (4 + 6 - -3) - ((-19 - 4) + -2)?
32
Evaluate 73 - 88 - (9 - (-7 + 1 + 10)).
-20
(45 - (-2 - 0)) + (-44 - (-22 + -11))
36
Calculate -16 + -5 + 1 + -22 + (-20 - -52) - 18.
-28
What is 19 - (3 - 8) - (55 + -42 + 0 + -19)?
30
(-96 - (-62 + (18 - -13))) + -19
-84
What is 4 + 8 - (-19 - (9 - -9) - 0)?
49
What is the value of -74 - (-37 + -94 - -112)?
-55
(231 - 241) + -6 + (3 - 0)
-13
What is the value of 104 - 56 - 52 - (2 + 10)?
-16
Evaluate (-9 - (16 + -18)) + 13 - -14.
20
-10 - (-22 - -22) - (29 + -44)
5
-7 - (-23 + 23 - (42 - -11))
46
Evaluate 69 + -5 + (24 - 12) + (1 - 9).
68
(-5 - 15 - -13) + (13 + -3 - -3) + -3
3
What is the value of (16 - 0 - 0) + 293 + -408 + 125?
26
What is (-195 - -210) + (-4 - 1 - -72)?
82
What is (54 - (13 + -9 - -2)) + (-6 - -3)?
45
Calculate (-16 - -4 - (-54 + 13 + 2)) + 10.
37
What is the value of 73 + 4 + 22 + -64 + 6 + 26?
67
What is (32 - (32 - 33 - -16)) + -2 + 19?
34
Evaluate (0 - -1) + (-2 - 7) - (-42002 - -42036).
-42
Evaluate 41 - 2 - (-128 - -146) - 3.
18
What is 7 + 14 + -77 - (0 - (6 - 5) - 4)?
-51
5 + 4 + -4 + (210 - 252)
-37
What is -187 + 23 - -114 - 30?
-80
Calculate 0 + -75 + -7541 + 7713.
97
What is the value of (6 - -1 - (-23 - -27)) + (243 - 198)?
48
Calculate -22 + -7 + 45 + 0.
16
What is (36 - 46) + 39 - 20 - 27?
-18
What is -27 - ((-18 - 143) + 19) - 24?
91
Calculate (-12 - 3) + -249 + 153 + 124.
13
What is 10 + (-8 + 2 + 14 + -4 - (5 + -40))?
49
Evaluate -105 - (-14 + 1 + 24 + 356 + -388).
-84
(0 - 26) + (-10 - -26 - 9)
-19
Calculate -71 - ((15 - 45) + -20).
-21
Calculate (156 - 70 - 143) + 23.
-34
Evaluate 6 - 5 - 86 - (-15 + (38 - 28)).
-80
What is the value of 12 + ((-3 - -2) + (32 - 33) - 51)?
-41
What is the value of (18 - (-8 - (10 - 26)) - -99) + (-22 - -17)?
104
What is -17 - (6 + -193 + 92)?
78
What is (16 - 2 - 26 - -14) + 8 + (3 - 7)?
6
Evaluate -2 + 14 + -10 + (5 - -10) + -26.
-9
Calculate 431 + -480 - (-11 + (4 - -1 - 3)).
-40
What is -116 + (-114 - -125) + 23?
-82
Calculate -123 - (-59 + 75 + -28 + 0).
-111
Calculate (23 - 9) + -5 + (5 - (-15 + 11)).
18
What is 14 - 7 - (4 + -10 + 0 + -14)?
27
Calculate -14 - -29 - (192 + -126).
-51
Evaluate 54 + -33 - 14 - (-17 - (-1 + -3 + 7)).
27
What is the value of -41 + (17 - 21) + -8 + (8 - -2)?
-43
((-2 - -2) + 3 + -1 - (-1182 - -1186)) + 89
87
What is the value of (27 - (139 + 25)) + 69?
-68
What is the value of (-2 - 51) + 2 - (-567 - -593)?
-77
-20 + (-103 - -119 - (1 - 0 - -10))
-15
What is 72 - ((23 + 10 + -19 - 6) + 5 + -4)?
63
Evaluate -37 + (5 + -21 + 18 + 19 - 16).
-32
Evaluate (-22 - -3) + (0 - -47).
28
27 - (127 - (74 - 30))
-56
What is the value of -1 + 3 - 48 - (-2551 + 2546)?
-41
Calculate -3 + 79 - (-943 - -986).
33
Calculate -37 - 0 - (3 + (8 + 2 - 13) - 2).
-35
What is -28 + -43 + 110 + 0 + (-2 - -2)?
39
Evaluate 516 - 520 - (5 - 2).
-7
What is (-81 - -96) + (11 - 4) + -6 - 114?
-98
What is 44 + (-144 - (5 + -63))?
-42
What is (-2 - (2 - 26)) + -5 + -19 + -1 + 20?
17
Calculate -42 - (-97 - (-48 - -30)).
37
Evaluate (75 - -33) + -74 - (-2 - -2 - -1).
33
What is 59 + -50 - ((6 - -2) + -15 + 11 + -58)?
63
1 + (-15 - -8) + 5 + (4 - 0 - 55)
-52
Evaluate 36 - (67 + -17 + 2).
-16
(-3 + -1 - 0 - 18) + (30 - (37 + 3))
-32
Calculate -161 + (71 - 70) + 70.
-90
Calculate 0 + -70 + 24 + (-24 - -11 - 9).
-68
Evaluate (5 + -15 - -67) + (-10 - 16) + 20.
51
What is -3 - (-61 - -51) - 44?
-37
What is the value of -42 - ((1 - -12) + (41 - 40)) - -9?
-47
What is -40 + (13 + 54 - -12)?
39
What is (-7 - ((-17 - 2) + 10)) + 19?
21
What is (-145 - 2) + (-12782 - -12918)?
-11
What is -65 + 10 - 45 - -74?
-26
Evaluate 95 + -115 + 92 + -195.
-123
Calculate 16 - (15 - ((-17 - -62) + -18 + 9 + -8)).
29
Evaluate 45 - (5 - 1) - ((7 - 11) + 9 + -3).
39
Evaluate 13 + (-58 - -50) - (107 + 1).
-103
Evaluate 109 - (-2 + -13 + -8 - (94 - 116)).
110
Evaluate 21 - -24 - -19 - 41.
23
What is the value of (27 - 19 - (-8 + 20 - 10)) + 6 - -103?
115
(-17 - -13) + -46 + 48
-2
(13 - (15 + (1 - (3 + -5)))) + 63
58
Calculate -16434 + 16434 + (2 - (155 - 2)).
-151
10 + 64 + (90 - 248)
-84
Calculate -8 - (36 - (75 - 93)).
-62
Evaluate (10 - (5 - -13)) + (0 + 10 - (-23 + -48)).
73
Calculate -20 + -1 + -13 + -25 + 48.
-11
14 + 8 + -10 + 8
20
What is 33 + 